se
Is 4671308647 a composite number?
True
Is 3878434981 prime?
False
Is 3821918603 a composite number?
True
Is 3660349841 prime?
True
Is 723643829 a composite number?
False
Is 434984189 a composite number?
False
Is 2059663643 composite?
False
Is 14067648757 prime?
True
Is 7979264743 composite?
False
Is 26861265623 composite?
False
Is 215834291 a composite number?
True
Is 401950551 a composite number?
True
Is 14108459027 a composite number?
True
Is 14244491141 a composite number?
True
Is 5491460263 a composite number?
True
Is 20605951469 a prime number?
True
Is 1500590977 a composite number?
False
Is 141384537053 a prime number?
False
Is 20377329491 composite?
False
Is 4584949013 prime?
True
Is 2258226107 a composite number?
False
Is 46396434241 a prime number?
True
Is 113131747 prime?
True
Is 6071455787 composite?
False
Is 13869844187 prime?
True
Is 1313738159 a prime number?
True
Is 11915306301 a composite number?
True
Is 1436431193 prime?
False
Is 38707402649 composite?
False
Is 5458052101 a composite number?
True
Is 530131039 a prime number?
True
Is 3198370151 composite?
True
Is 7495010827 composite?
False
Is 543133627 prime?
True
Is 1091165737 a prime number?
False
Is 1061483 prime?
True
Is 90586707565 prime?
False
Is 71509861 a prime number?
True
Is 47020373 a composite number?
False
Is 9313509113 a prime number?
True
Is 5293382669 prime?
True
Is 1049881103 composite?
True
Is 79658219 prime?
False
Is 38628491779 composite?
True
Is 14976247109 a composite number?
False
Is 852785137 a composite number?
False
Is 800150167 composite?
False
Is 23440262569 composite?
True
Is 13452994447 a prime number?
True
Is 9555550867 composite?
True
Is 2491935661 composite?
True
Is 5753982959 a composite number?
True
Is 69668854687 a composite number?
True
Is 3607761197 a prime number?
True
Is 17196999317 composite?
False
Is 4902771619 a prime number?
True
Is 21595023061 a prime number?
True
Is 2644960363 a composite number?
True
Is 27318299 a composite number?
True
Is 17962264421 composite?
True
Is 1900302247 a prime number?
True
Is 12320012003 composite?
True
Is 43895181227 prime?
True
Is 366721864169 composite?
False
Is 77706437 a prime number?
True
Is 753264857 a prime number?
True
Is 519064441 composite?
True
Is 1927382231 a prime number?
True
Is 82099755371 composite?
False
Is 2290153643 composite?
True
Is 3558718859 composite?
False
Is 28166469169 a composite number?
False
Is 9256774651 a prime number?
True
Is 1373659951 a composite number?
True
Is 232065446813 composite?
True
Is 11439917213 composite?
False
Is 1485465069455 prime?
False
Is 697253189 prime?
True
Is 768604597 a composite number?
False
Is 125107517 composite?
False
Is 296957471047 a composite number?
False
Is 488738813 prime?
True
Is 17434206313 a composite number?
True
Is 786033323 composite?
True
Is 3742478827 a prime number?
False
Is 529174379 a composite number?
True
Is 92575577551 a prime number?
True
Is 44014793567 a prime number?
False
Is 864254669 a composite number?
True
Is 572954513 prime?
True
Is 20503033273 a composite number?
True
Is 2355504331 a prime number?
True
Is 13790065209 composite?
True
Is 1839534299 a composite number?
False
Is 10554964231 a prime number?
False
Is 375689929 a composite number?
True
Is 2890714643 prime?
True
Is 6328101203 a composite number?
False
Is 13688923741 prime?
True
Is 4094383951 prime?
False
Is 3125609437 a composite number?
True
Is 3415638041 a prime number?
True
Is 170873687 a prime number?
True
Is 2494433141 a prime number?
False
Is 3230011501 a prime number?
False
Is 84746341 a prime number?
True
Is 251353607 a prime number?
True
Is 1401611113 a prime number?
False
Is 383840735 a composite number?
True
Is 2157094357 a composite number?
True
Is 1404753118 a composite number?
True
Is 1395377941 prime?
True
Is 42806455229 a prime number?
False
Is 1660353199 prime?
True
Is 550573501 prime?
True
Is 217594189 composite?
True
Is 2647335059 composite?
True
Is 5752501373 a composite number?
False
Is 58321409 composite?
False
Is 17474922733 composite?
True
Is 11800550369 composite?
True
Is 1753593229 prime?
True
Is 1301305229 prime?
False
Is 40933081999 prime?
True
Is 580415039 composite?
True
Is 6204128627 a composite number?
False
Is 4269821579 prime?
True
Is 7827041777 composite?
False
Is 644554331 a prime number?
True
Is 56551976743 a composite number?
False
Is 1571141737 composite?
True
Is 47804959459 a prime number?
False
Is 6537774697 prime?
False
Is 4006406933 composite?
False
Is 469757021 a composite number?
False
Is 2494739279 composite?
True
Is 1569186299 composite?
False
Is 387829219 a prime number?
False
Is 1361239031 a composite number?
True
Is 1198061749 a composite number?
True
Is 5104991603 prime?
False
Is 524427073 a prime number?
True
Is 100084562 prime?
False
Is 3360491789 prime?
True
Is 260017931 prime?
True
Is 236631583 a composite number?
True
Is 6180766751 a composite number?
False
Is 16600552117 composite?
True
Is 65237948287 a composite number?
False
Is 3526646891 a prime number?
True
Is 11296237133 a composite number?
False
Is 48757883903 prime?
True
Is 28078188269 a composite number?
False
Is 17975863523 composite?
True
Is 225118767733 composite?
False
Is 4435525211 a composite number?
True
Is 2259851831 prime?
True
Is 20635903833 a composite number?
True
Is 48225789257 a prime number?
True
Is 188023937 a prime number?
True
Is 2546969947 a composite number?
False
Is 31648821707 a composite number?
True
Is 54771371 composite?
True
Is 390764441 a composite number?
False
Is 814938863 a prime number?
False
Is 22729153001 composite?
True
Is 11317908473 a prime number?
False
Is 47095879889 composite?
False
Is 168442297 a composite number?
False
Is 66620364385 prime?
False
Is 164571131 a prime number?
False
Is 248041211671 prime?
False
Is 19776236099 prime?
True
Is 14821067311 a composite number?
False
Is 829515077 a prime number?
True
Is 2433079319 prime?
False
Is 610111207 a prime number?
True
Is 3887017541 composite?
True
Is 1407315391 prime?
True
Is 384966383 prime?
False
Is 49681439461 a composite number?
True
Is 444870607 a prime number?
False
Is 8683077077 a composite number?
False
Is 446274473 composite?
False
Is 749329498 a composite number?
True
Is 72498721 a prime number?
False
Is 6117498781 a composite number?
False
Is 215519659 composite?
True
Is 16070443 a composite number?
False
Is 4107581921 a composite number?
False
Is 809466677 a composite number?
False
Is 67619688451 a composite number?
True
Is 108814893181 prime?
True
Is 3055625047 a prime number?
True
Is 5715882929 prime?
True
Is 1783836823 a prime number?
True
Is 62475167239 a prime number?
True
Is 79442568083 a prime number?
True
Is 205289439169 prime?
True
Is 14494277551 composite?
True
Is 711770393 a composite number?
True
Is 157142329 prime?
False
Is 30064479901 prime?
False
Is 215131003 a composite number?
True
Is 270603037 a prime number?
False
Is 1846029127 composite?
False
Is 502998161 a prime number?
True
Is 5212915723 composite?
True
Is 48549908347 a composite number?
True
Is 559086826 prime?
False
Is 13395648397 a composite number?
False
Is 381436057 composite?
True
Is 5144581513 composite?
False
Is 3630018787 composite?
False
Is 1161688553 a prime number?
True
Is 206967678199 a composite number?
False
Is 2239275551 a prime number?
True
Is 2992090553 prime?
True
Is 615248903 a composite number?
False
Is 6435666791 a prime number?
False
Is 1003301933 a composite number?
False
Is 70842410609 prime?
True
Is 67412531411 a composite number?
True
Is 1741671857 composite?
False
Is 557221039 prime?
False
Is 2412691979 a prime number?
True
Is 916021411 prime?
False
Is 25975609949 a prime number?
True
Is 13177649207 prime?
True
Is 211689097 prime?
True
Is 1315051631 a composite number?
False
Is 7899721871 composite?
True
Is 886147769 a composite number?
True
Is 3069774209 composite?
False
Is 3967301843 a composite number?
True
Is 372972463 prime?
True
Is 6545005889 a prime number?
True
Is 362134963 a prime number?
False
Is 324684553 composite?
False
Is 16589934773 a composite number?
False
Is 1866120401 a composite number?
False
Is 1320431747 composite?
True
Is 163212001 composite?
True
Is 66554804819 a prime number?
False
Is 19885682051 a prime 